{"id":525,"date":"2024-08-13T18:53:23","date_gmt":"2024-08-13T16:53:23","guid":{"rendered":"https:\/\/wptest.ateliermaiffret.com\/?post_type=product&#038;p=525"},"modified":"2024-08-14T18:44:08","modified_gmt":"2024-08-14T16:44:08","slug":"carre-compose-n2-oeil","status":"publish","type":"product","link":"https:\/\/wptest.ateliermaiffret.com\/?product=carre-compose-n2-oeil","title":{"rendered":"Carr\u00e9 compos\u00e9 n\u00b02. \u0152il"},"content":{"rendered":"","protected":false},"excerpt":{"rendered":"<p><strong>Impression laser sur papier maroufl\u00e9 sur bois, 1991<\/strong><br \/>\n<strong>30 \u00d7 30 cm<\/strong><\/p>\n<hr \/>\n<p class=\"p1\">Formes et textes composent uns surface po\u00e9tique, celle-ci rappelant un \u0153il ou un tunnel<br \/>\nl&rsquo;histoire pr\u00e9sent\u00e9e ici retrace les cons\u00e9quences d&rsquo;une rupture amoureuse<\/p>\n<p class=\"p1\"><i>Une id\u00e9e simple dont je souhaite <\/i><i>poursuivre la mise en oeuvre. Un carr\u00e9 <\/i><i>de bois latt\u00e9, un texte de situation, <\/i><i>le collage d\u2019\u00e9l\u00e9ments en papiers sur <\/i><i>lesquels le texte a \u00e9t\u00e9 imprim\u00e9. Ces <\/i><i>compositions vont amplifier l\u2019effet <\/i><i>du texte devenu ainsi un objet. C\u2019est <\/i><i>la combinaison d\u2019une forme et d\u2019un fond <\/i><i>qui d\u00e9finit cet objet po\u00e9tique, comme <\/i><i>un tr\u00e8s court m\u00e9trage que l\u2019on pourrait <\/i><i>revoir simplement en posant les yeux <\/i><i>sur l\u2019un de ces carr\u00e9s compos\u00e9s.<\/i><\/p>\n<hr \/>\n<p>&nbsp;<\/p>\n","protected":false},"featured_media":384,"comment_status":"open","ping_status":"closed","template":"","meta":{"_et_pb_use_builder":"","_et_pb_old_content":"","_et_gb_content_width":""},"product_cat":[52,53,51],"product_tag":[54],"class_list":{"0":"post-525","1":"product","2":"type-product","3":"status-publish","4":"has-post-thumbnail","6":"product_cat-objets","7":"product_cat-paris","8":"product_cat-volumes","9":"product_tag-vendu","11":"first","12":"outofstock","13":"taxable","14":"shipping-taxable","15":"product-type-simple"},"yoast_head":"<!-- This site is optimized with the Yoast SEO plugin v23.4 - https:\/\/yoast.com\/wordpress\/plugins\/seo\/ -->\n<title>Carr\u00e9 compos\u00e9 n\u00b02. \u0152il - Atelier Maiffret TEST<\/title>\n<meta name=\"description\" content=\"Impression laser sur papier maroufl\u00e9 sur bois, 1991. 30 \u00d7 30 cm\" \/>\n<meta name=\"robots\" content=\"noindex, follow, max-snippet:-1, max-image-preview:large, max-video-preview:-1\" \/>\n<meta property=\"og:locale\" content=\"fr_FR\" \/>\n<meta property=\"og:type\" content=\"article\" \/>\n<meta property=\"og:title\" content=\"Carr\u00e9 compos\u00e9 n\u00b02. \u0152il - Atelier Maiffret TEST\" \/>\n<meta property=\"og:description\" content=\"Impression laser sur papier maroufl\u00e9 sur bois, 1991. 30 \u00d7 30 cm\" \/>\n<meta property=\"og:url\" content=\"https:\/\/wptest.ateliermaiffret.com\/?product=carre-compose-n2-oeil\" \/>\n<meta property=\"og:site_name\" content=\"Atelier Maiffret TEST\" \/>\n<meta property=\"article:modified_time\" content=\"2024-08-14T16:44:08+00:00\" \/>\n<meta property=\"og:image\" content=\"https:\/\/wptest.ateliermaiffret.com\/wp-content\/uploads\/2024\/08\/OA91003_Carre_comp03-1800L-1.jpg\" \/>\n\t<meta property=\"og:image:width\" content=\"1800\" \/>\n\t<meta property=\"og:image:height\" content=\"1773\" \/>\n\t<meta property=\"og:image:type\" content=\"image\/jpeg\" \/>\n<meta name=\"twitter:card\" content=\"summary_large_image\" \/>\n<meta name=\"twitter:label1\" content=\"Dur\u00e9e de lecture estim\u00e9e\" \/>\n\t<meta name=\"twitter:data1\" content=\"1 minute\" \/>\n<script type=\"application\/ld+json\" class=\"yoast-schema-graph\">{\"@context\":\"https:\/\/schema.org\",\"@graph\":[{\"@type\":\"WebPage\",\"@id\":\"https:\/\/wptest.ateliermaiffret.com\/?product=carre-compose-n2-oeil\",\"url\":\"https:\/\/wptest.ateliermaiffret.com\/?product=carre-compose-n2-oeil\",\"name\":\"Carr\u00e9 compos\u00e9 n\u00b02. \u0152il - Atelier Maiffret TEST\",\"isPartOf\":{\"@id\":\"https:\/\/wptest.ateliermaiffret.com\/#website\"},\"primaryImageOfPage\":{\"@id\":\"https:\/\/wptest.ateliermaiffret.com\/?product=carre-compose-n2-oeil#primaryimage\"},\"image\":{\"@id\":\"https:\/\/wptest.ateliermaiffret.com\/?product=carre-compose-n2-oeil#primaryimage\"},\"thumbnailUrl\":\"https:\/\/i0.wp.com\/wptest.ateliermaiffret.com\/wp-content\/uploads\/2024\/08\/OA91003_Carre_comp03-1800L-1.jpg?fit=1800%2C1773&ssl=1\",\"datePublished\":\"2024-08-13T16:53:23+00:00\",\"dateModified\":\"2024-08-14T16:44:08+00:00\",\"description\":\"Impression laser sur papier maroufl\u00e9 sur bois, 1991. 30 \u00d7 30 cm\",\"breadcrumb\":{\"@id\":\"https:\/\/wptest.ateliermaiffret.com\/?product=carre-compose-n2-oeil#breadcrumb\"},\"inLanguage\":\"fr-FR\",\"potentialAction\":[{\"@type\":\"ReadAction\",\"target\":[\"https:\/\/wptest.ateliermaiffret.com\/?product=carre-compose-n2-oeil\"]}]},{\"@type\":\"ImageObject\",\"inLanguage\":\"fr-FR\",\"@id\":\"https:\/\/wptest.ateliermaiffret.com\/?product=carre-compose-n2-oeil#primaryimage\",\"url\":\"https:\/\/i0.wp.com\/wptest.ateliermaiffret.com\/wp-content\/uploads\/2024\/08\/OA91003_Carre_comp03-1800L-1.jpg?fit=1800%2C1773&ssl=1\",\"contentUrl\":\"https:\/\/i0.wp.com\/wptest.ateliermaiffret.com\/wp-content\/uploads\/2024\/08\/OA91003_Carre_comp03-1800L-1.jpg?fit=1800%2C1773&ssl=1\",\"width\":1800,\"height\":1773},{\"@type\":\"BreadcrumbList\",\"@id\":\"https:\/\/wptest.ateliermaiffret.com\/?product=carre-compose-n2-oeil#breadcrumb\",\"itemListElement\":[{\"@type\":\"ListItem\",\"position\":1,\"name\":\"Accueil\",\"item\":\"https:\/\/wptest.ateliermaiffret.com\/\"},{\"@type\":\"ListItem\",\"position\":2,\"name\":\"Produits\",\"item\":\"https:\/\/wptest.ateliermaiffret.com\/?post_type=product\"},{\"@type\":\"ListItem\",\"position\":3,\"name\":\"Carr\u00e9 compos\u00e9 n\u00b02. \u0152il\"}]},{\"@type\":\"WebSite\",\"@id\":\"https:\/\/wptest.ateliermaiffret.com\/#website\",\"url\":\"https:\/\/wptest.ateliermaiffret.com\/\",\"name\":\"Atelier Maiffret TEST\",\"description\":\"Dessins, peintures et objets\",\"potentialAction\":[{\"@type\":\"SearchAction\",\"target\":{\"@type\":\"EntryPoint\",\"urlTemplate\":\"https:\/\/wptest.ateliermaiffret.com\/?s={search_term_string}\"},\"query-input\":{\"@type\":\"PropertyValueSpecification\",\"valueRequired\":true,\"valueName\":\"search_term_string\"}}],\"inLanguage\":\"fr-FR\"}]}<\/script>\n<!-- \/ Yoast SEO plugin. -->","yoast_head_json":{"title":"Carr\u00e9 compos\u00e9 n\u00b02. \u0152il - Atelier Maiffret TEST","description":"Impression laser sur papier maroufl\u00e9 sur bois, 1991. 30 \u00d7 30 cm","robots":{"index":"noindex","follow":"follow","max-snippet":"max-snippet:-1","max-image-preview":"max-image-preview:large","max-video-preview":"max-video-preview:-1"},"og_locale":"fr_FR","og_type":"article","og_title":"Carr\u00e9 compos\u00e9 n\u00b02. \u0152il - Atelier Maiffret TEST","og_description":"Impression laser sur papier maroufl\u00e9 sur bois, 1991. 30 \u00d7 30 cm","og_url":"https:\/\/wptest.ateliermaiffret.com\/?product=carre-compose-n2-oeil","og_site_name":"Atelier Maiffret TEST","article_modified_time":"2024-08-14T16:44:08+00:00","og_image":[{"width":1800,"height":1773,"url":"https:\/\/wptest.ateliermaiffret.com\/wp-content\/uploads\/2024\/08\/OA91003_Carre_comp03-1800L-1.jpg","type":"image\/jpeg"}],"twitter_card":"summary_large_image","twitter_misc":{"Dur\u00e9e de lecture estim\u00e9e":"1 minute"},"schema":{"@context":"https:\/\/schema.org","@graph":[{"@type":"WebPage","@id":"https:\/\/wptest.ateliermaiffret.com\/?product=carre-compose-n2-oeil","url":"https:\/\/wptest.ateliermaiffret.com\/?product=carre-compose-n2-oeil","name":"Carr\u00e9 compos\u00e9 n\u00b02. \u0152il - Atelier Maiffret TEST","isPartOf":{"@id":"https:\/\/wptest.ateliermaiffret.com\/#website"},"primaryImageOfPage":{"@id":"https:\/\/wptest.ateliermaiffret.com\/?product=carre-compose-n2-oeil#primaryimage"},"image":{"@id":"https:\/\/wptest.ateliermaiffret.com\/?product=carre-compose-n2-oeil#primaryimage"},"thumbnailUrl":"https:\/\/i0.wp.com\/wptest.ateliermaiffret.com\/wp-content\/uploads\/2024\/08\/OA91003_Carre_comp03-1800L-1.jpg?fit=1800%2C1773&ssl=1","datePublished":"2024-08-13T16:53:23+00:00","dateModified":"2024-08-14T16:44:08+00:00","description":"Impression laser sur papier maroufl\u00e9 sur bois, 1991. 30 \u00d7 30 cm","breadcrumb":{"@id":"https:\/\/wptest.ateliermaiffret.com\/?product=carre-compose-n2-oeil#breadcrumb"},"inLanguage":"fr-FR","potentialAction":[{"@type":"ReadAction","target":["https:\/\/wptest.ateliermaiffret.com\/?product=carre-compose-n2-oeil"]}]},{"@type":"ImageObject","inLanguage":"fr-FR","@id":"https:\/\/wptest.ateliermaiffret.com\/?product=carre-compose-n2-oeil#primaryimage","url":"https:\/\/i0.wp.com\/wptest.ateliermaiffret.com\/wp-content\/uploads\/2024\/08\/OA91003_Carre_comp03-1800L-1.jpg?fit=1800%2C1773&ssl=1","contentUrl":"https:\/\/i0.wp.com\/wptest.ateliermaiffret.com\/wp-content\/uploads\/2024\/08\/OA91003_Carre_comp03-1800L-1.jpg?fit=1800%2C1773&ssl=1","width":1800,"height":1773},{"@type":"BreadcrumbList","@id":"https:\/\/wptest.ateliermaiffret.com\/?product=carre-compose-n2-oeil#breadcrumb","itemListElement":[{"@type":"ListItem","position":1,"name":"Accueil","item":"https:\/\/wptest.ateliermaiffret.com\/"},{"@type":"ListItem","position":2,"name":"Produits","item":"https:\/\/wptest.ateliermaiffret.com\/?post_type=product"},{"@type":"ListItem","position":3,"name":"Carr\u00e9 compos\u00e9 n\u00b02. \u0152il"}]},{"@type":"WebSite","@id":"https:\/\/wptest.ateliermaiffret.com\/#website","url":"https:\/\/wptest.ateliermaiffret.com\/","name":"Atelier Maiffret TEST","description":"Dessins, peintures et objets","potentialAction":[{"@type":"SearchAction","target":{"@type":"EntryPoint","urlTemplate":"https:\/\/wptest.ateliermaiffret.com\/?s={search_term_string}"},"query-input":{"@type":"PropertyValueSpecification","valueRequired":true,"valueName":"search_term_string"}}],"inLanguage":"fr-FR"}]}},"jetpack_sharing_enabled":true,"_links":{"self":[{"href":"https:\/\/wptest.ateliermaiffret.com\/index.php?rest_route=\/wp\/v2\/product\/525","targetHints":{"allow":["GET"]}}],"collection":[{"href":"https:\/\/wptest.ateliermaiffret.com\/index.php?rest_route=\/wp\/v2\/product"}],"about":[{"href":"https:\/\/wptest.ateliermaiffret.com\/index.php?rest_route=\/wp\/v2\/types\/product"}],"replies":[{"embeddable":true,"href":"https:\/\/wptest.ateliermaiffret.com\/index.php?rest_route=%2Fwp%2Fv2%2Fcomments&post=525"}],"wp:featuredmedia":[{"embeddable":true,"href":"https:\/\/wptest.ateliermaiffret.com\/index.php?rest_route=\/wp\/v2\/media\/384"}],"wp:attachment":[{"href":"https:\/\/wptest.ateliermaiffret.com\/index.php?rest_route=%2Fwp%2Fv2%2Fmedia&parent=525"}],"wp:term":[{"taxonomy":"product_cat","embeddable":true,"href":"https:\/\/wptest.ateliermaiffret.com\/index.php?rest_route=%2Fwp%2Fv2%2Fproduct_cat&post=525"},{"taxonomy":"product_tag","embeddable":true,"href":"https:\/\/wptest.ateliermaiffret.com\/index.php?rest_route=%2Fwp%2Fv2%2Fproduct_tag&post=525"}],"curies":[{"name":"wp","href":"https:\/\/api.w.org\/{rel}","templated":true}]}}