{"id":573,"date":"2024-08-13T18:53:51","date_gmt":"2024-08-13T16:53:51","guid":{"rendered":"https:\/\/wptest.ateliermaiffret.com\/?post_type=product&#038;p=573"},"modified":"2024-09-16T13:30:31","modified_gmt":"2024-09-16T11:30:31","slug":"brasserie-lipp-saint-germain-des-pres-a-paris","status":"publish","type":"product","link":"https:\/\/wptest.ateliermaiffret.com\/?product=brasserie-lipp-saint-germain-des-pres-a-paris","title":{"rendered":"Brasserie Lipp (Saint-Germain-des-Pr\u00e8s \u00e0 Paris)"},"content":{"rendered":"","protected":false},"excerpt":{"rendered":"<p><strong>Cayon Faber-Castell gris sur papier grain l\u00e9ger 224g. 2014<\/strong><br \/>\n<strong>53 x 43 cm<\/strong><\/p>\n<hr \/>\n<p>Vue de l&rsquo;int\u00e9rieur de la brasserie de Saint-Germain-des-Pr\u00e8s \u00e0 Paris<\/p>\n<hr \/>\n<p>&nbsp;<\/p>\n","protected":false},"featured_media":470,"comment_status":"open","ping_status":"closed","template":"","meta":{"_et_pb_use_builder":"","_et_pb_old_content":"","_et_gb_content_width":""},"product_cat":[63,39,53,41],"product_tag":[34],"class_list":{"0":"post-573","1":"product","2":"type-product","3":"status-publish","4":"has-post-thumbnail","6":"product_cat-en-vente","7":"product_cat-fusain-pierre-noire","8":"product_cat-paris","9":"product_cat-support-papier","10":"product_tag-en-vente","12":"first","13":"instock","14":"sold-individually","15":"taxable","16":"shipping-taxable","17":"purchasable","18":"product-type-simple"},"yoast_head":"<!-- This site is optimized with the Yoast SEO plugin v23.4 - https:\/\/yoast.com\/wordpress\/plugins\/seo\/ -->\n<title>Brasserie Lipp (Saint-Germain-des-Pr\u00e8s \u00e0 Paris) - Atelier Maiffret TEST<\/title>\n<meta name=\"description\" content=\"Cayon Faber-Castell gris sur papier grain l\u00e9ger 224g. 2014. 53 x 43 cm.\" \/>\n<meta name=\"robots\" content=\"noindex, follow, max-snippet:-1, max-image-preview:large, max-video-preview:-1\" \/>\n<meta property=\"og:locale\" content=\"fr_FR\" \/>\n<meta property=\"og:type\" content=\"article\" \/>\n<meta property=\"og:title\" content=\"Brasserie Lipp (Saint-Germain-des-Pr\u00e8s \u00e0 Paris) - Atelier Maiffret TEST\" \/>\n<meta property=\"og:description\" content=\"Cayon Faber-Castell gris sur papier grain l\u00e9ger 224g. 2014. 53 x 43 cm.\" \/>\n<meta property=\"og:url\" content=\"https:\/\/wptest.ateliermaiffret.com\/?product=brasserie-lipp-saint-germain-des-pres-a-paris\" \/>\n<meta property=\"og:site_name\" content=\"Atelier Maiffret TEST\" \/>\n<meta property=\"article:modified_time\" content=\"2024-09-16T11:30:31+00:00\" \/>\n<meta property=\"og:image\" content=\"https:\/\/wptest.ateliermaiffret.com\/wp-content\/uploads\/2024\/08\/DA14002_Chez_LIPP-1800L-2.jpg\" \/>\n\t<meta property=\"og:image:width\" content=\"1800\" \/>\n\t<meta property=\"og:image:height\" content=\"1588\" \/>\n\t<meta property=\"og:image:type\" content=\"image\/jpeg\" \/>\n<meta name=\"twitter:card\" content=\"summary_large_image\" \/>\n<meta name=\"twitter:label1\" content=\"Dur\u00e9e de lecture estim\u00e9e\" \/>\n\t<meta name=\"twitter:data1\" content=\"1 minute\" \/>\n<script type=\"application\/ld+json\" class=\"yoast-schema-graph\">{\"@context\":\"https:\/\/schema.org\",\"@graph\":[{\"@type\":\"WebPage\",\"@id\":\"https:\/\/wptest.ateliermaiffret.com\/?product=brasserie-lipp-saint-germain-des-pres-a-paris\",\"url\":\"https:\/\/wptest.ateliermaiffret.com\/?product=brasserie-lipp-saint-germain-des-pres-a-paris\",\"name\":\"Brasserie Lipp (Saint-Germain-des-Pr\u00e8s \u00e0 Paris) - Atelier Maiffret TEST\",\"isPartOf\":{\"@id\":\"https:\/\/wptest.ateliermaiffret.com\/#website\"},\"primaryImageOfPage\":{\"@id\":\"https:\/\/wptest.ateliermaiffret.com\/?product=brasserie-lipp-saint-germain-des-pres-a-paris#primaryimage\"},\"image\":{\"@id\":\"https:\/\/wptest.ateliermaiffret.com\/?product=brasserie-lipp-saint-germain-des-pres-a-paris#primaryimage\"},\"thumbnailUrl\":\"https:\/\/i0.wp.com\/wptest.ateliermaiffret.com\/wp-content\/uploads\/2024\/08\/DA14002_Chez_LIPP-1800L-2.jpg?fit=1800%2C1588&ssl=1\",\"datePublished\":\"2024-08-13T16:53:51+00:00\",\"dateModified\":\"2024-09-16T11:30:31+00:00\",\"description\":\"Cayon Faber-Castell gris sur papier grain l\u00e9ger 224g. 2014. 53 x 43 cm.\",\"breadcrumb\":{\"@id\":\"https:\/\/wptest.ateliermaiffret.com\/?product=brasserie-lipp-saint-germain-des-pres-a-paris#breadcrumb\"},\"inLanguage\":\"fr-FR\",\"potentialAction\":[{\"@type\":\"ReadAction\",\"target\":[\"https:\/\/wptest.ateliermaiffret.com\/?product=brasserie-lipp-saint-germain-des-pres-a-paris\"]}]},{\"@type\":\"ImageObject\",\"inLanguage\":\"fr-FR\",\"@id\":\"https:\/\/wptest.ateliermaiffret.com\/?product=brasserie-lipp-saint-germain-des-pres-a-paris#primaryimage\",\"url\":\"https:\/\/i0.wp.com\/wptest.ateliermaiffret.com\/wp-content\/uploads\/2024\/08\/DA14002_Chez_LIPP-1800L-2.jpg?fit=1800%2C1588&ssl=1\",\"contentUrl\":\"https:\/\/i0.wp.com\/wptest.ateliermaiffret.com\/wp-content\/uploads\/2024\/08\/DA14002_Chez_LIPP-1800L-2.jpg?fit=1800%2C1588&ssl=1\",\"width\":1800,\"height\":1588},{\"@type\":\"BreadcrumbList\",\"@id\":\"https:\/\/wptest.ateliermaiffret.com\/?product=brasserie-lipp-saint-germain-des-pres-a-paris#breadcrumb\",\"itemListElement\":[{\"@type\":\"ListItem\",\"position\":1,\"name\":\"Accueil\",\"item\":\"https:\/\/wptest.ateliermaiffret.com\/\"},{\"@type\":\"ListItem\",\"position\":2,\"name\":\"Produits\",\"item\":\"https:\/\/wptest.ateliermaiffret.com\/?post_type=product\"},{\"@type\":\"ListItem\",\"position\":3,\"name\":\"Brasserie Lipp (Saint-Germain-des-Pr\u00e8s \u00e0 Paris)\"}]},{\"@type\":\"WebSite\",\"@id\":\"https:\/\/wptest.ateliermaiffret.com\/#website\",\"url\":\"https:\/\/wptest.ateliermaiffret.com\/\",\"name\":\"Atelier Maiffret TEST\",\"description\":\"Dessins, peintures et objets\",\"potentialAction\":[{\"@type\":\"SearchAction\",\"target\":{\"@type\":\"EntryPoint\",\"urlTemplate\":\"https:\/\/wptest.ateliermaiffret.com\/?s={search_term_string}\"},\"query-input\":{\"@type\":\"PropertyValueSpecification\",\"valueRequired\":true,\"valueName\":\"search_term_string\"}}],\"inLanguage\":\"fr-FR\"}]}<\/script>\n<!-- \/ Yoast SEO plugin. -->","yoast_head_json":{"title":"Brasserie Lipp (Saint-Germain-des-Pr\u00e8s \u00e0 Paris) - Atelier Maiffret TEST","description":"Cayon Faber-Castell gris sur papier grain l\u00e9ger 224g. 2014. 53 x 43 cm.","robots":{"index":"noindex","follow":"follow","max-snippet":"max-snippet:-1","max-image-preview":"max-image-preview:large","max-video-preview":"max-video-preview:-1"},"og_locale":"fr_FR","og_type":"article","og_title":"Brasserie Lipp (Saint-Germain-des-Pr\u00e8s \u00e0 Paris) - Atelier Maiffret TEST","og_description":"Cayon Faber-Castell gris sur papier grain l\u00e9ger 224g. 2014. 53 x 43 cm.","og_url":"https:\/\/wptest.ateliermaiffret.com\/?product=brasserie-lipp-saint-germain-des-pres-a-paris","og_site_name":"Atelier Maiffret TEST","article_modified_time":"2024-09-16T11:30:31+00:00","og_image":[{"width":1800,"height":1588,"url":"https:\/\/wptest.ateliermaiffret.com\/wp-content\/uploads\/2024\/08\/DA14002_Chez_LIPP-1800L-2.jpg","type":"image\/jpeg"}],"twitter_card":"summary_large_image","twitter_misc":{"Dur\u00e9e de lecture estim\u00e9e":"1 minute"},"schema":{"@context":"https:\/\/schema.org","@graph":[{"@type":"WebPage","@id":"https:\/\/wptest.ateliermaiffret.com\/?product=brasserie-lipp-saint-germain-des-pres-a-paris","url":"https:\/\/wptest.ateliermaiffret.com\/?product=brasserie-lipp-saint-germain-des-pres-a-paris","name":"Brasserie Lipp (Saint-Germain-des-Pr\u00e8s \u00e0 Paris) - Atelier Maiffret TEST","isPartOf":{"@id":"https:\/\/wptest.ateliermaiffret.com\/#website"},"primaryImageOfPage":{"@id":"https:\/\/wptest.ateliermaiffret.com\/?product=brasserie-lipp-saint-germain-des-pres-a-paris#primaryimage"},"image":{"@id":"https:\/\/wptest.ateliermaiffret.com\/?product=brasserie-lipp-saint-germain-des-pres-a-paris#primaryimage"},"thumbnailUrl":"https:\/\/i0.wp.com\/wptest.ateliermaiffret.com\/wp-content\/uploads\/2024\/08\/DA14002_Chez_LIPP-1800L-2.jpg?fit=1800%2C1588&ssl=1","datePublished":"2024-08-13T16:53:51+00:00","dateModified":"2024-09-16T11:30:31+00:00","description":"Cayon Faber-Castell gris sur papier grain l\u00e9ger 224g. 2014. 53 x 43 cm.","breadcrumb":{"@id":"https:\/\/wptest.ateliermaiffret.com\/?product=brasserie-lipp-saint-germain-des-pres-a-paris#breadcrumb"},"inLanguage":"fr-FR","potentialAction":[{"@type":"ReadAction","target":["https:\/\/wptest.ateliermaiffret.com\/?product=brasserie-lipp-saint-germain-des-pres-a-paris"]}]},{"@type":"ImageObject","inLanguage":"fr-FR","@id":"https:\/\/wptest.ateliermaiffret.com\/?product=brasserie-lipp-saint-germain-des-pres-a-paris#primaryimage","url":"https:\/\/i0.wp.com\/wptest.ateliermaiffret.com\/wp-content\/uploads\/2024\/08\/DA14002_Chez_LIPP-1800L-2.jpg?fit=1800%2C1588&ssl=1","contentUrl":"https:\/\/i0.wp.com\/wptest.ateliermaiffret.com\/wp-content\/uploads\/2024\/08\/DA14002_Chez_LIPP-1800L-2.jpg?fit=1800%2C1588&ssl=1","width":1800,"height":1588},{"@type":"BreadcrumbList","@id":"https:\/\/wptest.ateliermaiffret.com\/?product=brasserie-lipp-saint-germain-des-pres-a-paris#breadcrumb","itemListElement":[{"@type":"ListItem","position":1,"name":"Accueil","item":"https:\/\/wptest.ateliermaiffret.com\/"},{"@type":"ListItem","position":2,"name":"Produits","item":"https:\/\/wptest.ateliermaiffret.com\/?post_type=product"},{"@type":"ListItem","position":3,"name":"Brasserie Lipp (Saint-Germain-des-Pr\u00e8s \u00e0 Paris)"}]},{"@type":"WebSite","@id":"https:\/\/wptest.ateliermaiffret.com\/#website","url":"https:\/\/wptest.ateliermaiffret.com\/","name":"Atelier Maiffret TEST","description":"Dessins, peintures et objets","potentialAction":[{"@type":"SearchAction","target":{"@type":"EntryPoint","urlTemplate":"https:\/\/wptest.ateliermaiffret.com\/?s={search_term_string}"},"query-input":{"@type":"PropertyValueSpecification","valueRequired":true,"valueName":"search_term_string"}}],"inLanguage":"fr-FR"}]}},"jetpack_sharing_enabled":true,"_links":{"self":[{"href":"https:\/\/wptest.ateliermaiffret.com\/index.php?rest_route=\/wp\/v2\/product\/573","targetHints":{"allow":["GET"]}}],"collection":[{"href":"https:\/\/wptest.ateliermaiffret.com\/index.php?rest_route=\/wp\/v2\/product"}],"about":[{"href":"https:\/\/wptest.ateliermaiffret.com\/index.php?rest_route=\/wp\/v2\/types\/product"}],"replies":[{"embeddable":true,"href":"https:\/\/wptest.ateliermaiffret.com\/index.php?rest_route=%2Fwp%2Fv2%2Fcomments&post=573"}],"wp:featuredmedia":[{"embeddable":true,"href":"https:\/\/wptest.ateliermaiffret.com\/index.php?rest_route=\/wp\/v2\/media\/470"}],"wp:attachment":[{"href":"https:\/\/wptest.ateliermaiffret.com\/index.php?rest_route=%2Fwp%2Fv2%2Fmedia&parent=573"}],"wp:term":[{"taxonomy":"product_cat","embeddable":true,"href":"https:\/\/wptest.ateliermaiffret.com\/index.php?rest_route=%2Fwp%2Fv2%2Fproduct_cat&post=573"},{"taxonomy":"product_tag","embeddable":true,"href":"https:\/\/wptest.ateliermaiffret.com\/index.php?rest_route=%2Fwp%2Fv2%2Fproduct_tag&post=573"}],"curies":[{"name":"wp","href":"https:\/\/api.w.org\/{rel}","templated":true}]}}